- 2780. Is b composite?
True
Suppose 139*a - 144*a - 386073 = -4*s, -a = -7. Is s composite?
False
Let p(l) = -735*l + 12 + 2 + 769*l - l**2 + 15. Is p(16) composite?
False
Let l = 91 - 90. Is 6287*(l - 1/5*0) a composite number?
False
Let l(d) = 67*d - 12. Let j be 210/(-45)*(3 + 0). Let m = j + 19. Is l(m) a prime number?
False
Let o be 8/(-28) - 51/(-7). Let x be 2 + -6 + -4*(-78)/24. Suppose o*a + 1074 = x*a. Is a prime?
False
Suppose 0 = -z - 48*y + 52*y + 14159, 2*z = -4*y + 28330. Is z a prime number?
False
Suppose -6*k = -21 + 27. Is 8503/3 + k - (-73)/(-219) a composite number?
False
Is ((-85)/68*115301)/((-1)/4) composite?
True
Let c = -74049 - -283507. Is c composite?
True
Let h be 2 + (-14)/((-3)/(-6) - 1). Suppose 2*w + p = -3*p + h, -45 = -3*w + 3*p. Let i(c) = c**3 - 13*c**2 + 21*c - 12. Is i(w) prime?
False
Let q(s) = 19*s + 235. Let j be q(-12). Let k = -809 + 3234. Suppose -j*p + 1446 = -k. Is p a composite number?
True
Suppose 5*y = 11*f - 6*f - 448755, y = 3*f - 269257. Is f a prime number?
True
Let u = 19299 - -1846. Is u a prime number?
False
Suppose -8*i = i - 286749. Is i prime?
False
Let f(s) = s**3 + 34*s**2 - 65*s + 177. Let x be f(-37). Suppose -2*y + 3*h = 1667, -y - 2*y + h - 2483 = 0. Let n = y - x. Is n a composite number?
True
Suppose -1110*s + 1412771 = 5*h - 1113*s, 3*h + 3*s - 847701 = 0. Is h prime?
True
Let k(d) = d**2 - 13*d + 6. Let w be k(15). Suppose w*l - 3508 = 32*l. Is l a composite number?
False
Let w be 35/(-5) + (-16)/(-4). Let s(j) = 1804*j**2 - 6*j - 5. Is s(w) a prime number?
True
Let w(m) = 23*m**2 + 408*m - 30. Is w(-85) composite?
True
Suppose -2*d + 2 = 0, -3*a + 11 = 4*d - 2. Suppose -a*r + h + 14709 = -3*h, 9 = 3*h. Is (-1 - (0 - 0))/((-7)/r) a prime number?
True
Let t(r) = -r**3 + 81*r**2 + 99*r + 3. Is t(26) prime?
False
Let i(g) = 156*g - 43. Suppose 2*l - 4*l - 4*p + 4 = 0, 0 = 2*l + 3*p - 6. Suppose -47 = -l*b + 7. Is i(b) a composite number?
False
Suppose 401461 - 1770590 = -17*z. Is z composite?
False
Is 283041 + (-15 - -17 - -6) a prime number?
False
Suppose -4*p + 11788 = -0*p. Suppose 0 = -151*o + 150*o + p. Is o a prime number?
False
Let s(j) = -89*j - 1. Let v be 4/(-26) + 1691/(-247). Is s(v) a composite number?
True
Suppose -4*m + 13 = -35. Let n be (-4)/(-8) - (-16866)/m. Suppose 2*u - 552 - n = 0. Is u prime?
False
Suppose 5*p - 52 = p + 3*y, 2*p - 26 = -3*y. Suppose -4*j + p = -7. Is (487/2)/(-2 + j/2) composite?
False
Let k = -5330 + 17025. Is k prime?
False
Let a = 816069 + 45928. Is a a prime number?
True
Suppose 3*f = -2*d - 699, 0 = 5*d + 2*f - 3*f + 1790. Let m = 780 - d. Is m a prime number?
False
Let c = -1152882 - -2279041. Is c prime?
True
Let k = 1927 - 68. Let r = -1532 + 2398. Let d = k - r. Is d a composite number?
True
Is 2/((-14)/(-570259)) + 1080/756 a prime number?
False
Suppose -2283249 = -w + 7*l - 6*l, 11416197 = 5*w + l. Is w composite?
True
Suppose 4*j = -z + 3*j + 16386, -4*z = 5*j - 65547. Is (-8)/(-16)*((z - -1) + -2) a prime number?
True
Let f = -26 - -28. Suppose 5 = 3*o + f*l, 2*o - o - 3*l + 2 = 0. Is (146 + 2 + o)/((-24)/(-24)) composite?
False
Suppose -3*j - 2*l - 1707 = -3*l, 2*j + 3*l = -1149. Let p = 1313 + j. Is p a prime number?
True
Let q be (0/2)/(4/(-4)) - -2. Suppose -q*x + 24 - 18 = 0. Suppose -1104 = -x*d + 591. Is d a prime number?
False
Suppose -3771 - 2421 = -4*i. Let m = 2903 - i. Is m a composite number?
True
Let x = -208593 - -351266. Is x prime?
True
Suppose 0 = 2*c - 4*i - 216178, -5*c + 136961 + 403388 = 2*i. Is c a composite number?
True
Suppose 0 = 227*y - 228*y + 3*t + 613064, -5*t - 25 = 0. Is y a prime number?
True
Let g = 38454 - 25276. Suppose 0 = -2*t + g - 2164. Is t a prime number?
True
Let n be (-2 + (-37 - -6))*(-4)/6. Let l(o) = o**3 - 18*o**2 + 5*o - 7. Is l(n) prime?
True
Suppose 4*k = -5*w + 144764, -4*k + w + 1481 = -143235. Is k a composite number?
True
Suppose 3*g - 17863 = 4*h, 69*g - 71*g + 11917 = -h. Is g composite?
True
Let x = -75 + 94. Suppose 0 = -5*g - z + x, 5*g - g - 3*z = 19. Suppose 2*l = g*t + 532 + 458, 0 = -2*l + 2*t + 988. Is l composite?
True
Let j(d) = 378*d**2 - 24*d + 241. Is j(-67) a composite number?
True
Let u = -180 - -185. Suppose 5*j + 18097 + 977 = 4*k, 3*k - u*j - 14303 = 0. Is k a composite number?
True
Let p be (3095/5 + -6)*-7. Let i = -1572 - p. Is i a composite number?
False
Suppose 5*l = -10, 7451 = 2*t + l + 169. Let i = -2391 + t. Suppose -251 = -2*r + i. Is r a composite number?
False
Let m be 322275/(-10) - 5/10. Let c = -21567 - m. Is c a composite number?
True
Suppose 3*a = -a + 5224. Let n be 140/315 - (-35614)/18. Let l = n - a. Is l composite?
False
Suppose -z - 138*m = -141*m - 241054, 0 = -3*z + 5*m + 723142. Is z composite?
True
Suppose 2*j - 25 = -3*j, -5*z - 80170 = -2*j. Let i = -4392 - z. Suppose 2*d + p - 4671 = 0, -7*p = -5*d - 2*p + i. Is d composite?
False
Let h(l) = 3*l**3 - 95*l**2 + 110*l - 109. Is h(71) a prime number?
False
Let f(h) = -14*h + 744. Let z be f(0). Let j = 737 + z. Is j a prime number?
True
Suppose -3*j - 5*a = -24, j - 2*a + 5*a = 12. Suppose -3*u + 3*v - 8 = -2, 0 = -4*v + 8. Suppose j*c - 2*c - 1561 = u. Is c composite?
True
Let q = 3559 - -27198. Is q composite?
False
Suppose z + 2*z + 4*q + 4075 = 0, 0 = -2*z - q - 2715. Let v = 3551 + z. Is v a composite number?
True
Let m(d) = 29*d**2 + 27*d + 17. Suppose t = 3*r - 20, -4*r - 8 = -0*t + 3*t. Is m(t) a prime number?
True
Suppose -57 = 6*m + 15. Let p be 3/(-3) - (m/2 - -3). Suppose 5*h + 4*w = 3415, -p*h - w = w - 1368. Is h a composite number?
True
Let g(d) = -15*d - 504. Let a(n) = -107. Let h(m) = 5*a(m) - g(m). Let f be (2/4)/((-1)/(-12)). Is h(f) prime?
True
Let g = 37 + -29. Let d = g + -20. Is 3*(-2 - 656/d) prime?
False
Suppose 5*m + 166 = 7*m. Suppose 0 = -5*h - 4*y + 142, -3*h = -y - m + 8. Is h a composite number?
True
Is (4/(-14) + 3909/35)/(408/59160) composite?
True
Suppose 16*d + 4 = 18*d. Suppose -m + 4695 = -d*f - 2*f, 5 = 5*f. Is m composite?
True
Let j = 104688 + -49340. Let z = j - 32141. Is z prime?
False
Is (-9)/((-99)/428780) - -13 prime?
True
Suppose 14*f - 20 = 9*f. Suppose -5*b - 2*y = -6799, f*y + 8 = -4. Is b a composite number?
False
Suppose -25*r = 3*r - 13*r - 2953815. Is r composite?
True
Let a(d) = 88*d - 95. Let v be a(-3). Let n = 1506 + -896. Let l = v + n. Is l a composite number?
False
Suppose -4*z = 2*u - 8026, 4*z + 4*u - 11137 = -3109. Suppose -3*i = -2*q - 1316 - 1713, -2*i + z = 2*q. Is i composite?
True
Let f(j) = -3*j + 18. Let r be f(5). Suppose -r*d + 114 = -3*v, 3*d + 2*v - 155 = -2*d. Suppose -42*n + 28791 = -d*n. Is n prime?
False
Suppose -4713*j + 1052292 = -4701*j. Is j a composite number?
False
Suppose -4*d - 5*u = 59889, 3*u + 1445 = -4*d - 58434. Let t = -8811 - d. Is t composite?
True
Let x(l) = 2467*l**2 + 127*l - 529. Is x(5) a prime number?
True
Let k(b) = b + 1. Let n(i) = 740*i - 186. Let x(m) = -3*k(m) - n(m). Is x(-16) prime?
True
Let f(k) = -k + 15. Let b(q) = 6*q - 74. Let t(o) = 3*b(o) + 14*f(o). Let a be t(5). Is 3754/a + 4/(-16) a composite number?
True
Suppose 4*t - 135776 = -4*r, t - 135786 = -4*r - t. Suppose -30*q + r = 259. Is q prime?
True
Suppose 3*o = 5*k - 4, -5*k - 4*o = -o - 16. Suppose -5*l + 21332 = 4*v - 7*l, v - 5333 = -k*l. Is v a composite number?
False
Let u(v) be the third derivative of 2*v**5/5 - 7*v**4/24 - v**3/6 - 35*v**2. Is u(3) a prime number?
False
Let i = -185691 - -812134. Is i composite?
False
Let h(u) = -9513*u - 1759. Is h(-12) a prime number?
True
Is (1574/4)/((-842)/844 - (-38 - -37)) composite?
True
Let x(i) = 4*i**2 - 7*i + 2. Let l be x(2). Let d(f) = 63*f - 30. Let n be d(5). Suppose -3*k + 3*q - l*q = -285, -3*k + n = 3*q. Is k prime?
False
Let v = -257 + 251. Is (-6)/(-4)*(-4 - v - 0) composite?
False
Let r(q) = -7*q**3 - 45*q**2 + 38*q + 153. Is r(-21) a composite number?
True
Let d(m) be the third derivative of 55*m**4/24 + 2*m**3/3 - 10*m**2 + 2. Is d(25) composite?
True
Let l be (0 - (-16)/(-40))/((-1)/10). Let h(o) = 36*o - 23. Let t(q) = 143*q - 91. Let j(w) = 9*h(w) - 2*t(w). Is j(l) prime?
True
Let z(o) = 6*o**3 + 37*o**2 + 50*o + 71. Is z(14) a composite number?
True
Suppose -7*s + 66 = -4. Suppose q - 6 = -s. Let n(g) = -48*g - 5. Is n(q) prime?
False
